{"id":13,"date":"2011-09-15T15:48:55","date_gmt":"2011-09-15T13:48:55","guid":{"rendered":"http:\/\/the-unity.de\/hp2.0\/?page_id=13"},"modified":"2012-01-28T10:28:24","modified_gmt":"2012-01-28T08:28:24","slug":"in-gedenken","status":"publish","type":"page","link":"https:\/\/the-unity.de\/?page_id=13","title":{"rendered":"IN GEDENKEN"},"content":{"rendered":"<p>Es gibt diese Momente im Leben, in denen man merkt, dass der Fu\u00dfball eben doch nur die sch\u00f6nste Nebensache der Welt ist und es einige Dinge gibt, die viel wichtiger sind. Dazu geh\u00f6ren neben Freundschaft vor allem die Gesundheit und das Leben selbst. In den vergangen Jahren ist es uns leider nicht erspart geblieben vier unserer Mitglieder zu Grabe zu tragen.<\/p>\n<p><b>Wir werden Matze, Tobi, Marion und Christian nie vergessen!<\/b><\/p>\n<hr \/>\n<h1>In Gedenken an &#8222;Trommelgott&#8220;<\/h1>\n<p><img loading=\"lazy\" decoding=\"async\" src=\"wp-content\/uploads\/2011\/10\/trommelgott.jpg\" alt=\"\" title=\"trommelgott\" width=\"500\" height=\"157\" class=\"alignnone size-full wp-image-137\" srcset=\"https:\/\/the-unity.de\/wp-content\/uploads\/2011\/10\/trommelgott.jpg 500w, https:\/\/the-unity.de\/wp-content\/uploads\/2011\/10\/trommelgott-300x94.jpg 300w\" sizes=\"auto, (max-width: 500px) 100vw, 500px\" \/><br \/>\nAm 10. Oktober erreichte uns die traurige Nachricht, dass unser ehemaliges und langj\u00e4hriges Mitglied Christian Bartnik, f\u00fcr viele besser bekannt unter dem Namen \u201eTrommelgott&#8220;, pl\u00f6tzlich und unerwartet von uns gegangen ist.<\/p>\n<p>Christian war ein Mann der ersten Stunde bei THE UNITY und pr\u00e4gte die Entwicklung unserer Gruppe in ihren ersten Jahren. All seine Weggef\u00e4hrten haben ihn dabei als einen extrem offenen und freundlichen Menschen kennen und sch\u00e4tzen gelernt. Seine Liebe zur Borussia zeigte er neben seiner Mitgliedschaft bei uns auch beim Fanzine schwatzgelb.de. Durch seine &#8211; nicht zu \u00fcberh\u00f6rende &#8211; Trommel war er jahrelang ein wichtiger Teil der S\u00fcdtrib\u00fcne. Christian verstarb am 07. Oktober 2010 im Alter von nur 33 Jahren.<\/p>\n<p>Wir werden ihn immer in unserer Erinnerung behalten. Ruhe in Frieden, Trommelgott.<\/p>\n<hr \/>\n<h1>In Gedenken an Marion<\/h1>\n<p><img loading=\"lazy\" decoding=\"async\" src=\"wp-content\/uploads\/2011\/10\/marion.jpg\" alt=\"\" title=\"marion\" width=\"500\" height=\"150\" class=\"alignnone size-full wp-image-144\" srcset=\"https:\/\/the-unity.de\/wp-content\/uploads\/2011\/10\/marion.jpg 500w, https:\/\/the-unity.de\/wp-content\/uploads\/2011\/10\/marion-300x90.jpg 300w\" sizes=\"auto, (max-width: 500px) 100vw, 500px\" \/><\/p>\n<p>Am Ostersamstag 2005 kam Marion erstmals in die Halle in Dortmund-Asseln als wir gerade unsere Saisonabschlussaktion vorbereiteten. Eigentlich wollten Marion und Peter an diesem Wochenende eine Motorradtour machen. Eigentlich wollten sie nur mal eben schauen, was ihr Sohn Patrick so treibt. Doch fasziniert von unserer Aktion, dem Gewusel und allem Drumherum blieben sie und packten sofort mit an. Am Ostersonntag wollte Peter wissen, wann es los geht &#8211; zum Motorradfahren. Aber Marion hatte irgendwie nur noch Asseln im Sinn und gelbe Doppelhalter, die ein paar Wochen sp\u00e4ter die S\u00fcdtrib\u00fcne zur strahlenden gelben Wand machten.<\/p>\n<p>An diesem Wochenende wurde Marion ein Teil von uns und war von nun an, genau wie Patrick und Peter, als fester Teil von THE UNITY einfach nicht mehr wegzudenken. Patrick brachte Woche f\u00fcr Woche neue Leute der Gruppe mit nach Hause, die f\u00fcr eine Nacht ein Dach \u00fcber dem, manchmal auch schweren, Kopf brauchten. Wie selbstverst\u00e4ndlich gab es f\u00fcr die \u201eHotelg\u00e4ste&#8220; ein Bett und auch ein ausreichendes Fr\u00fchst\u00fcck. Aus den dadurch entstandenen Kontakten entwickelten sich Freundschaften. Jeder, der Marion kannte, liebte und sch\u00e4tzte ihre Herzlichkeit, ihre Fr\u00f6hlichkeit und Lebensfreude. F\u00fcr viele von uns wurde sie auf diese Weise eine zweite Mutter.<\/p>\n<p>Marion, Du warst mit uns fr\u00f6hlich. Du warst mit uns traurig. Du hast unsere Erfolge mit uns gefeiert und warst in unseren Niederlagen an unserer Seite. Du warst immer ein Teil von uns und Du wirst es f\u00fcr immer bleiben. Wir vermissen Dich unendlich. Deine vielen Kinder werden nun auf Deine beiden M\u00e4nner aufpassen. Wir vergessen Dich nie!<\/p>\n<p><img loading=\"lazy\" decoding=\"async\" src=\"wp-content\/uploads\/2011\/10\/marion2.jpg\" alt=\"\" title=\"marion2\" width=\"500\" height=\"93\" class=\"alignnone size-full wp-image-146\" srcset=\"https:\/\/the-unity.de\/wp-content\/uploads\/2011\/10\/marion2.jpg 500w, https:\/\/the-unity.de\/wp-content\/uploads\/2011\/10\/marion2-300x55.jpg 300w\" sizes=\"auto, (max-width: 500px) 100vw, 500px\" \/><\/p>\n<p><img loading=\"lazy\" decoding=\"async\" src=\"wp-content\/uploads\/2011\/10\/marion3.jpg\" alt=\"\" title=\"marion3\" width=\"500\" height=\"107\" class=\"alignnone size-full wp-image-147\" srcset=\"https:\/\/the-unity.de\/wp-content\/uploads\/2011\/10\/marion3.jpg 500w, https:\/\/the-unity.de\/wp-content\/uploads\/2011\/10\/marion3-300x64.jpg 300w\" sizes=\"auto, (max-width: 500px) 100vw, 500px\" \/><\/p>\n<hr \/>\n<h1>In Gedenken an Tobi<\/h1>\n<div id=\"tobibild\"><img loading=\"lazy\" decoding=\"async\" src=\"wp-content\/uploads\/2011\/10\/tobi.jpg\" alt=\"\" title=\"tobi\" width=\"150\" height=\"113\" class=\"alignnone size-full wp-image-149\" \/><\/div>\n<p> Tobias Hellwig, geboren am 27.01.1989, aufgewachsen im Klinikviertel, 10 Minuten Fu\u00dfweg vom Westfalenstadion entfernt. Gemeinsam mit seinem Vater machte er zun\u00e4chst auf dem Sitzplatz auf Nordtrib\u00fcne, bzw. S\u00fcdecken seine ersten Gehversuche bei Borussia. Sp\u00e4ter wollte er lieber alleine gehen, alleine auf die S\u00fcdtrib\u00fcne. Seine Eltern sagten, dass ihr Sohn f\u00fcr das Wochenende beim BVB lebte, Fu\u00dfball und Borussia war alles f\u00fcr ihn. Im April 2006 trat er dann mit seinem besten Freund bei TU ein. Anfangs etwas sch\u00fcchtern und zur\u00fcckhaltend, lernte er in den letzten Monaten mehr und mehr Mitglieder kennen. Er starb am 11. Mai 2007 auf dem Weg zur Arbeit, Ursache war ein Herzfehler. Wir alle, seine Freunde und seine Familie vermissen ihn sehr. Tobi wird immer ein Teil von THE UNITY sein.<\/p>\n<p><img loading=\"lazy\" decoding=\"async\" src=\"wp-content\/uploads\/2011\/10\/tobi4.jpg\" alt=\"\" title=\"tobi4\" width=\"500\" height=\"133\" class=\"alignnone size-full wp-image-154\" srcset=\"https:\/\/the-unity.de\/wp-content\/uploads\/2011\/10\/tobi4.jpg 500w, https:\/\/the-unity.de\/wp-content\/uploads\/2011\/10\/tobi4-300x79.jpg 300w\" sizes=\"auto, (max-width: 500px) 100vw, 500px\" \/><\/p>\n<div class=\"ingedenken\">2007 in Leverkusen<\/div>\n<p><img loading=\"lazy\" decoding=\"async\" src=\"wp-content\/uploads\/2011\/10\/tobi3.jpg\" alt=\"\" title=\"tobi3\" width=\"500\" height=\"158\" class=\"alignnone size-full wp-image-153\" srcset=\"https:\/\/the-unity.de\/wp-content\/uploads\/2011\/10\/tobi3.jpg 500w, https:\/\/the-unity.de\/wp-content\/uploads\/2011\/10\/tobi3-300x94.jpg 300w\" sizes=\"auto, (max-width: 500px) 100vw, 500px\" \/><\/p>\n<div class=\"ingedenken\">2008 in Bielefeld<\/div>\n<p><img loading=\"lazy\" decoding=\"async\" src=\"wp-content\/uploads\/2011\/10\/tobi2.jpg\" alt=\"\" title=\"tobi2\" width=\"500\" height=\"118\" class=\"alignnone size-full wp-image-152\" srcset=\"https:\/\/the-unity.de\/wp-content\/uploads\/2011\/10\/tobi2.jpg 500w, https:\/\/the-unity.de\/wp-content\/uploads\/2011\/10\/tobi2-300x70.jpg 300w\" sizes=\"auto, (max-width: 500px) 100vw, 500px\" \/><\/p>\n<div class=\"ingedenken\">2009 in Wolfsburg<\/div>\n<hr \/>\n<h1>In Gedenken an Matze<\/h1>\n<p><img loading=\"lazy\" decoding=\"async\" src=\"wp-content\/uploads\/2011\/10\/matze.jpg\" alt=\"\" title=\"matze\" width=\"500\" height=\"150\" class=\"alignnone size-full wp-image-158\" srcset=\"https:\/\/the-unity.de\/wp-content\/uploads\/2011\/10\/matze.jpg 500w, https:\/\/the-unity.de\/wp-content\/uploads\/2011\/10\/matze-300x90.jpg 300w\" sizes=\"auto, (max-width: 500px) 100vw, 500px\" \/><\/p>\n<p>Am 02.03.07, nur 6 Tage nach seinem 20. Geburtstag erhielten wir die Nachricht, dass Matthias an einer sehr seltenen Form des pl\u00f6tzlichen Kindstods gestorben ist. Matthias stand kurz vor dem Abschluss seiner landwirtschaftlichen Ausbildung, welche ihn leider daran gehindert hat so oft zur Borussia zu fahren, wie er es gerne gemacht h\u00e4tte. Nur 2 Wochen vor seinem Tod, beim Heimspiel gegen Gladbach, erz\u00e4hlte er noch voller Begeisterung wie froh er sei, dass er nun endlich fast fertig mit seiner Ausbildung ist und dass er nun endlich auch wieder mehr Zeit haben werde die Spiele vom BVB zu besuchen. Die Freude dar\u00fcber war ihm deutlich anzusehen, auch sonst schien es privat sehr gut f\u00fcr ihn zu laufen. <\/p>\n<p>Um so schockierender war es die Nachricht von seinem unerwarteten Tod zu erhalten. Matze hinterl\u00e4sst neben Eltern, Schwester und Freundin auch viele Freunde, die er bei seinen Aktivit\u00e4ten im Spielmannszug, der freiwilligen Feuerwehr oder beim Fu\u00dfball kennen gelernt hat. Matze war aus verschiedenen Gr\u00fcnden nur gut 2 Jahre Mitglied unserer Gruppe, trotzdem hat uns auch sein Tod getroffen und seine Freunde in der Gruppe vermissen ihn sehr. Ruhe in Frieden, Matze! <\/p>\n","protected":false},"excerpt":{"rendered":"<p>Es gibt diese Momente im Leben, in denen man merkt, dass der Fu\u00dfball eben doch nur die sch\u00f6nste Nebensache der Welt ist und es einige Dinge gibt, die viel wichtiger sind. Dazu geh\u00f6ren neben Freundschaft vor allem die Gesundheit und das Leben selbst. In den vergangen Jahren ist es uns leider nicht erspart geblieben vier [&hellip;]<\/p>\n","protected":false},"author":4,"featured_media":0,"parent":0,"menu_order":4,"comment_status":"open","ping_status":"closed","template":"","meta":{"ngg_post_thumbnail":0,"footnotes":""},"class_list":["post-13","page","type-page","status-publish","hentry"],"_links":{"self":[{"href":"https:\/\/the-unity.de\/index.php?rest_route=\/wp\/v2\/pages\/13","targetHints":{"allow":["GET"]}}],"collection":[{"href":"https:\/\/the-unity.de\/index.php?rest_route=\/wp\/v2\/pages"}],"about":[{"href":"https:\/\/the-unity.de\/index.php?rest_route=\/wp\/v2\/types\/page"}],"author":[{"embeddable":true,"href":"https:\/\/the-unity.de\/index.php?rest_route=\/wp\/v2\/users\/4"}],"replies":[{"embeddable":true,"href":"https:\/\/the-unity.de\/index.php?rest_route=%2Fwp%2Fv2%2Fcomments&post=13"}],"version-history":[{"count":33,"href":"https:\/\/the-unity.de\/index.php?rest_route=\/wp\/v2\/pages\/13\/revisions"}],"predecessor-version":[{"id":479,"href":"https:\/\/the-unity.de\/index.php?rest_route=\/wp\/v2\/pages\/13\/revisions\/479"}],"wp:attachment":[{"href":"https:\/\/the-unity.de\/index.php?rest_route=%2Fwp%2Fv2%2Fmedia&parent=13"}],"curies":[{"name":"wp","href":"https:\/\/api.w.org\/{rel}","templated":true}]}}